te the remainder when 1/(6/(5 - 11))*-325 is divided by 280.
45
Let m(p) = 329*p**2 - 163*p + 794. What is the remainder when m(6) is divided by 27?
23
Let h = 4 - -44. Calculate the remainder when 294/h*-2*-40 is divided by 29.
26
What is the remainder when 1042 is divided by (-8)/(-2) - (0 - (8 + 2303/7))?
19
Suppose 4*c - 1667 = 2709. Calculate the remainder when c is divided by 537.
20
Let b(t) = -t + 5. Let d(i) = i**3 + 8*i**2 + 15*i + 1. What is the remainder when b(-7) is divided by d(-4)?
2
Let m = 186 + 211. Let s = -1308915 - -1308972. What is the remainder when m is divided by s?
55
Calculate the remainder when 582 is divided by (-17)/(-102)*24/16*116.
2
Suppose 30*m + 241 = 691. Suppose p = -4*c + 116, 3*p - m*c - 364 = -11*c. Calculate the remainder when p is divided by 41.
38
Let z = -71 + 118. Let q = z + -32. Suppose q = l - 23. What is the remainder when l is divided by 8?
6
Let u(d) = d**3 + d + 18. Let y(s) = 3*s**2 - 14*s + 5. Suppose -53*h = -52*h - 11. Calculate the remainder when y(h) is divided by u(0).
16
Calculate the remainder when (-17 + 7 + 59)*(-1 - 0)*-24 is divided by 379.
39
Suppose 4*v + 11 - 3 = 0, 0 = -i + 2*v + 41. Suppose 0 = 15*u - 38 - i. Calculate the remainder when 118 is divided by u.
3
Suppose 0 = -4*v - 24, -q + 2*v + 82 = -62. Calculate the remainder when 1846 is divided by q.
130
Let b(w) = -w**3 - 11*w**2 - 21*w + 13. Let x be (-310)/40 + (-15)/12. Calculate the remainder when 137 is divided by b(x).
17
Suppose 56*x = 169*x - 6205 - 35040. Calculate the remainder when x is divided by 337.
28
Suppose 108*r + 29*r - 34*r = 3193. What is the remainder when 611 is divided by r?
22
Suppose -3*c - 4*d + 309 = 0, 131*c - 134*c = d - 291. What is the remainder when c is divided by 53?
42
Suppose 0 = -60*j + 3775 - 4362 + 21467. Calculate the remainder when j is divided by 4.
0
Let b(p) = 80*p**2 + 346*p + 15. What is the remainder when b(-8) is divided by 10?
7
Let g(u) = -2*u**3 - 64*u**2 - 122*u - 45. What is the remainder when 64 is divided by g(-30)?
4
Let w(p) = 190*p + 595. Calculate the remainder when 71 is divided by w(-3).
21
Let r be (-3)/(-6) - 1/(2/(-3)). Suppose h + 1 = 3*v - r, 3*v - 9 = -h. Let c = h - -6. Calculate the remainder when c is divided by 4.
1
Let a(p) = -p**2 - 13*p. Let g be a(-14). Let t = g + 21. Let h = 25 - 6. Calculate the remainder when h is divided by t.
5
Let u(c) = 251*c - 7664. What is the remainder when 247 is divided by u(31)?
13
Suppose 0 = -38*o + 18362 + 15191 - 9765. What is the remainder when o is divided by 154?
10
Let m be 1670/6*(-864)/(-240). Suppose -74*s + 80*s = m. What is the remainder when s is divided by 13?
11
Let i = 2148 - 2126. Let v = 0 + -1. Let h(p) = -40*p - 2. What is the remainder when h(v) is divided by i?
16
Suppose r = -2*k + 147, -619*r + 618*r - 4*k + 161 = 0. Calculate the remainder when 6780 is divided by r.
130
Suppose 339 = 18*f + 123. Let r be 3271/5 - ((-20)/25 + 1). Calculate the remainder when r/14 + 10/35 is divided by f.
11
Suppose -55*q - 20*q = -5250. Calculate the remainder when 76 is divided by q.
6
What is the remainder when 100 is divided by (352/(-208))/(7/(-273)*3)?
12
Let w(p) = p**3 - 88*p**2 + 186*p + 85. What is the remainder when w(86) is divided by 15?
14
Suppose 417 = 9*t + 3. Suppose -3*b + t = -b + g, 0 = 4*b - 4*g - 104. Calculate the remainder when 139 is divided by b.
19
Let m(u) = 128*u**3 + 4*u - 5. Suppose 4*o = -5*g + 9, 3*o + 1 - 9 = -5*g. What is the remainder when m(g) is divided by 44?
39
Suppose -2*s + 3*h - 92 = -s, 5*s - h = -460. Calculate the remainder when 123 is divided by (-636)/(-10) - (-5 - s/20).
59
Let q(m) = 73*m**2 - 6*m + 2. What is the remainder when 172 is divided by q(-1)?
10
Suppose -4*w = k - 27, 117 = 3*k + 2*k + 2*w. Let r(i) = -i**3 - 111*i**2 - 6*i - 508. Calculate the remainder when r(-111) is divided by k.
20
Let x(w) = -w**2 + 7*w + 1. Let u be x(0). Let c(r) = 55*r**2 + 2*r - 3. Let z(h) = 5*h**2 - 6*h - 3. What is the remainder when z(-6) is divided by c(u)?
51
Calculate the remainder when 5/6 - 15181/(-114) is divided by 49.
36
Suppose 5 + 15 = 2*h. Suppose 0 = -5*c - 0*c + h. What is the remainder when 10 is divided by (3 - c) + (-13 - -15)?
1
Let z(r) = 9*r. Let m be z(2). Suppose m*s - 10*s - 120 = 0. What is the remainder when 329 is divided by s?
14
Suppose 2*g = -5*g + 287. Calculate the remainder when (-140)/42*330/(-25) is divided by g.
3
Suppose 0 = 2*g + 3*d - 31 + 29, 4*d = 0. Suppose 0 = -9*o + g + 251. What is the remainder when 1 + -1 - -105*1 is divided by o?
21
Let i(x) = -9*x - 15. Let n(f) = 6*f + 2. Let t be n(-1). Calculate the remainder when 165 is divided by i(t).
18
Let j be 3/9 + 110/(-6). Let h be -2 - j - 1/3*9. Suppose 0*i = -3*g - 4*i - 1, -h = -5*g - 3*i. Calculate the remainder when 9 is divided by g.
4
Let z(b) = 8*b**2 - 29*b + 35. Let d be z(12). Let o = d - 593. What is the remainder when o is divided by 62?
60
Suppose 0 = -j - 4*l + 106 + 139, 0 = -4*j - l + 1055. Let i = 286 - j. What is the remainder when i is divided by 4?
1
Let v = -13 + 6. Let r(s) = 30*s**2 - 11 - 2886*s - 8 - 31*s**2 + 2872*s. What is the remainder when 88 is divided by r(v)?
28
Let w = -4122 + 5449. Calculate the remainder when w is divided by 16.
15
Suppose -84 = -4*a + 8. Calculate the remainder when 9235/45 + 4/(-18) is divided by a.
21
Let u(w) = 4*w**2 + 6*w. Suppose 32 = -3*x + 23. Suppose -61 = -2*t + 43. Calculate the remainder when t is divided by u(x).
16
Suppose 2*z - 1211 = -5*k, -203 + 903 = 3*k + 5*z. What is the remainder when 965 is divided by k?
230
Let v be 12/15 + (-12)/(-10). Let t(b) = 3*b**3 - 2*b**2 + 8*b - 8. Let z = 15 - 8. What is the remainder when t(v) is divided by z?
3
Suppose 20223 = 122*t - 2076 - 13203. Calculate the remainder when t is divided by 3/(-12) - 394/(-8).
46
Let y be (18/(-18))/(1/(-9)). Suppose 2*z + 3*n = -y, 3*n = -3*z + 2*z - 3. What is the remainder when 153 is divided by -13*(z/(-27) + (-40)/18)?
23
Let f = -5220 - -5267. What is the remainder when 189 is divided by f?
1
Let d = 9 - -158. Let w be ((-4)/(-12) + 1)*(-2 - -5). Suppose 16*h + 138 = w*x + 18*h, 4*x - 2*h = 134. What is the remainder when d is divided by x?
31
Let p = 276 + -179. Let q = -68 + 73. Suppose -k - q*k + 66 = 0. What is the remainder when p is divided by k?
9
Let v(d) = d**2 - 20*d + 91. Let s be v(12). Suppose -2*k = 6 - 0, -2*a - 4*k - 14 = 0. What is the remainder when 124 is divided by (a - (-4 - s))/((-1)/21)?
40
Let i(g) = 9*g**3 + 10*g**2 - g - 3. Let n be i(3). Suppose 4*h = -n + 359. Calculate the remainder when 68 is divided by h.
4
What is the remainder when 2616 is divided by 2/(-7) + (-70763)/(-539)?
127
Let c(v) = -12*v**3 + 353*v**2 + 39*v - 89. Calculate the remainder when c(29) is divided by 26.
21
Let a = 4155 + -3851. Calculate the remainder when a is divided by 31.
25
Let a(o) = -4*o + 42*o**2 + 2*o**3 - 3*o + 40 + 2*o + 6*o. What is the remainder when 151 is divided by a(-21)?
18
Let j = 8742 - 8123. What is the remainder when j is divided by 39?
34
Suppose -9*c + 199 = -746. Let d = 179 - 167. What is the remainder when c is divided by d?
9
Suppose 5*h - 281 = -2*y, -8*h + 153 = y - 3*h. Calculate the remainder when y is divided by 20.
8
Let c(u) = -33*u + 42. Let k be c(6). Let s = k - -190. Calculate the remainder when 203 is divided by s.
33
Suppose 0 = l + 270 - 274. Suppose -2*t + 24 = 4*z, -15*z = -10*z + l*t - 24. Calculate the remainder when 111 is divided by z.
7
Suppose 4*t - 2*t - 4*x = 0, -4 = t - 4*x. Suppose -3*v + t*v = 5*h - 18, -h = -4*v + 23. What is the remainder when 26 is divided by v?
5
Suppose -m - 2*y + 100 = -3*m, -4*m - 182 = 5*y. Let h = m + 54. Calculate the remainder when 34 is divided by h.
4
Let k(v) be the first derivative of 32*v**3/3 + v**2 - v - 51. Suppose 4*g - 5 = -13. Calculate the remainder when k(g) is divided by 31.
30
Let o = -520 + 530. Calculate the remainder when -20*(-2)/1 - 2 is divided by o.
8
What is the remainder when (-1801)/(-11) - 6/88*-4 is divided by 63?
38
Let s(f) = f**3 - 18*f**2 + 23*f - 97. Calculate the remainder when s(18) is divided by 96.
29
Suppose 5*h - k + 909 = 0, -3*h - 3*k = 420 + 129. Calculate the remainder when (-2 + -11)/(26/h) is div